371 + g. Is f composite?
True
Let s(i) = 22979*i - 466. Is s(7) a composite number?
False
Let h be (-5)/((-15)/(-12))*-1. Suppose h*j = 4*s + 15216, 19019 = 7*j - 2*j - 4*s. Suppose -5*i = -j - 3602. Is i composite?
False
Let x(k) = k**2 - 11*k - 30. Let q be x(-7). Suppose 3*v - q - 177 = 5*a, 5*a = v - 91. Is v a composite number?
True
Let x(t) = 17791*t + 7323. Is x(14) composite?
True
Let g be (-19936)/(-22) + 112/(-616). Let f = g - -181. Is f prime?
True
Let k = -18618 + 37297. Is k composite?
False
Suppose 0 = 11*j - 5787 - 3882. Let n = 1726 - j. Suppose -4*o = -n - 933. Is o a composite number?
True
Let x(t) = -114 - 81*t + 160*t - 102*t. Is x(-29) prime?
False
Suppose 2*d - 12 = -6. Suppose 0 = 5*i + 4*l - 9289, d*l - 316 = -i + 1533. Is i a composite number?
False
Let b(c) be the first derivative of -19*c**3/3 + 5*c**2/2 + 15*c - 14. Let m(n) = 6*n**2 - 2*n - 5. Let q(f) = -3*b(f) - 8*m(f). Is q(7) prime?
True
Is 4*(-30)/(-48)*22318 a composite number?
True
Let h(u) = u**3. Let o(b) = 3*b**3 + b**2 - b - 2. Let l(x) = 4*h(x) - 2*o(x). Let t be l(-2). Is ((-14)/t + 2)*(-3 - -1559) composite?
False
Suppose -87*l + 2321850 = 63*l. Is l composite?
True
Let d(v) = v**3 + v**2 - 4*v + 7. Let z be d(0). Let h be z + 8/4*-2. Suppose -3*p + 2*l + 7729 = 0, p - 5146 = -p + h*l. Is p a prime number?
True
Suppose 466963 = h + 9*k, 213*h - 211*h - 933913 = -5*k. Is h composite?
True
Suppose 5*s = -s + 18. Suppose -s*c - 11 = -2. Let r(u) = -376*u + 13. Is r(c) prime?
False
Let a(o) = -112*o + 29. Let l be a(-2). Is (-2)/(-10) + (-9)/45 + l a prime number?
False
Let f = -1157 - -3567. Let t = f + 45. Is t a composite number?
True
Let t = 526268 + -284139. Is t a prime number?
True
Suppose -78*b + 101*b - 1527269 = 0. Is b a prime number?
True
Is 52/10 - 5 - (-2438946)/45 a composite number?
True
Let h(x) = 5*x - 50. Let n = 33 + -31. Let o = 21 + n. Is h(o) composite?
True
Let b be (12/20*-1)/(7/(-35)). Suppose b*p + 35866 + 12211 = 5*q, -3*p = -q + 9625. Is q a composite number?
False
Let m(v) = 127*v - 21. Suppose -g - 7*g + 176 = 0. Let j be (-21 + g)/(1/4). Is m(j) composite?
False
Let t = 18 - 29. Let n(a) = a**3 + 9*a**2 - 23*a - 8. Let l be n(t). Suppose -4*h + 4*p + 0*p = -1640, 2*p - 1225 = -l*h. Is h composite?
False
Suppose -349*n - 25815016 + 169936311 = 0. Is n prime?
False
Let y(h) = h**3 - 9*h**2 - 35*h + 7. Let l be y(15). Suppose 1595 = q - l. Is q prime?
False
Let i = -170990 - -307219. Is i a composite number?
True
Let w(q) = 7*q**3 - 128*q**2 + 45*q - 7. Is w(29) composite?
False
Let d(y) = 77*y**2 + 151*y + 6475. Is d(-97) composite?
False
Let d(u) = -31 + 50 - 45*u - 15*u. Suppose 2*t + 4 = -2*a - 2, t + 18 = -4*a. Is d(a) composite?
True
Is (-6692504)/(-64) + (-3)/8 - -11 composite?
True
Let r(i) = 34*i**3 - 27*i**2 + 266*i - 70. Is r(19) prime?
True
Suppose 3*w = -2*r - 59136 + 204615, -5*w + 242470 = 5*r. Is w prime?
True
Suppose a + 0*a - 38 = 0. Let w be 0/(-1 + 0)*(-19)/a. Suppose 7*b + 2601 = p + 3*b, w = 5*b - 20. Is p prime?
True
Let b(w) = -10*w - 4. Let k(l) = -2*l - 1. Let a(x) = 3*b(x) - 14*k(x). Let g be a(-1). Suppose -4*o = i - 7197, -o + g*i + 3594 = o. Is o prime?
False
Suppose 1046291 = 54*w + 55*w. Is w a composite number?
True
Suppose -88*k + 150*k = 17974358. Is k prime?
False
Suppose 0 = 32*m - 4722389 - 7109553 - 3995546. Is m a prime number?
True
Let x = 329712 + -61801. Is x prime?
False
Suppose i - 12 = -7. Suppose 0 - i = -o. Suppose 652 = o*r - 1003. Is r a composite number?
False
Let r be (6/18)/(1/6). Suppose 2022 = -t - 2*b, 4*t + 8124 = 14*b - 13*b. Is (1/r)/((-7)/t) prime?
False
Let x(m) = m**2 - m + 2. Let g be x(0). Suppose -30 = -3*q + 3*u, -g*q + 0 + 28 = -4*u. Is -6*((-225)/q + (3 - 1)) prime?
False
Let h be (11/(220/5232))/((-14)/980). Let s = -6115 - h. Is s a composite number?
False
Suppose -m - 147*m = -89895644. Is m a composite number?
True
Let f(z) = -36*z + 22. Let l be f(1). Let d(x) = -181*x + 33. Is d(l) a prime number?
False
Suppose -5*z + 34 = -3*z. Let s(n) = -n**3 + 15*n**2 + 35*n - 18. Let i be s(z). Is (235/15 - 1) + i/(-3) a prime number?
False
Is 270/(-108)*1/(-10)*309644 prime?
False
Let r(g) = -2*g**3 - 10*g**2 - 5*g - 6. Let x be r(-5). Let t(f) = -f**2 + 21*f - 38. Let o be t(x). Suppose 6*b = -o*b + 678. Is b composite?
False
Let r(b) = -3*b - 8. Let x be r(-6). Let q be 47/15 + (-54)/405. Suppose 581 = -q*v + x*v. Is v composite?
False
Let b(n) = n**2 + n - 19. Suppose 330 = 6*i + 30. Suppose -6*j = i + 22. Is b(j) composite?
False
Let a(y) = 3011*y**2 + 3*y - 2. Let r be (2/4)/(10/20). Let z be a(r). Suppose -14*s + z = -2*s. Is s prime?
True
Suppose -9*h + 983 = -4534. Is h a prime number?
True
Suppose 178 + 975 = -3*d - 5*r, d - 2*r = -377. Suppose 2*z - 1348 = -0*z. Let a = d + z. Is a a prime number?
True
Let v(b) = -219*b + 433. Is v(-76) composite?
False
Let c be 25/(-75)*(-2 + -1012100 - -1). Suppose -199379 = -14*z + c. Is z prime?
False
Let b(q) = 4*q**2 + 29*q - 22. Suppose 0 = 4*h + 4*u - 48, 2*h - 4*u + 3*u - 15 = 0. Is b(h) a composite number?
False
Suppose 0 = 3*s + 2*h + 4, 2*h = -4*s - h - 7. Suppose -s*a + 13080 = 6*a. Suppose -5*l + 2*l - 2*j = -a, -1082 = -2*l - 4*j. Is l composite?
False
Let f = 27124 + -18777. Is f prime?
False
Let k(v) = 121*v + 16. Let f(s) = -2*s**2 + 7*s**2 - 5 + 2*s**3 - 3*s**3. Let m be f(4). Is k(m) composite?
True
Let d = 83 - 141. Let b = -57 - d. Is (1/b)/(-5 + (-3166)/(-633)) a composite number?
True
Let b(l) = l**3 - 10*l**2 - 9*l - 26. Let n be b(11). Let d be (-1)/n + 12714/24. Suppose 3*z - d = z. Is z a composite number?
True
Let k = 596 + -591. Suppose -3*s + 2 = -10, k*s = 3*f - 4477. Is f composite?
False
Let f = -6841 + 11780. Suppose f = 6*c + 5*c. Is c a prime number?
True
Let p(g) = -3682*g + 9. Suppose 3*q - 29 + 32 = 0. Is p(q) prime?
True
Suppose -2*m - 1855 = -1867, 162868 = 4*o - 4*m. Is o a prime number?
False
Suppose 3*u = 5*i - 405430, -4*i + 4*u + 263394 = -60958. Is i a prime number?
True
Is (188/20)/(32/73120) a prime number?
False
Suppose -4*p - 16 = 6*i - 2*i, 4*p - 2 = 5*i. Let w be (p + 0)*(-4 - -3). Suppose -w*l = -12*l + 2930. Is l a composite number?
False
Let x(n) = -2979*n - 51. Let r be x(-6). Let k = -8236 + r. Is k a prime number?
True
Let s(k) = -691*k - 83. Let c be s(-5). Suppose -c = -3*i - i. Is i composite?
True
Suppose -211*a + 228*a - 4324137 = 0. Is a composite?
True
Suppose -72 = -25*u + 21*u. Suppose -3*c + 1613 = 4*d, -14*d + u*d + 2*c - 1610 = 0. Is d a composite number?
False
Let x be (3 - 1)*(2 + 1565/10). Suppose 2*y - 661 = -3*i + x, -i + 3*y + 326 = 0. Is i a composite number?
True
Let k = -2870 + 3069. Is k composite?
False
Let s = 1208 - -2141. Is s a composite number?
True
Let m(h) = h**3 + 18*h**2 - 40*h + 5. Let g be m(-20). Suppose a - g = 3*c, 3*a - 2*c - 10 = 2*c. Is (-7 - -2)/10 + 1907/a composite?
False
Suppose -d = -f - 82134, -164238 = -2*d - 538*f + 534*f. Is d a prime number?
True
Let g = 3181811 + -2252292. Is g composite?
True
Suppose 5*v - 19 = -2*f, 0*v = 3*v - 2*f - 21. Suppose -19 = v*i + 1. Is -71*(i/2)/2 a composite number?
False
Let i(b) = -156*b**3 + 14*b**2 - 28*b - 55. Is i(-18) composite?
False
Suppose -105*p - 4008 = -103*p. Let i = p - -19811. Is i composite?
False
Suppose 0 = -7*w + 19*w - 24. Suppose -w*y + 3 = -1. Suppose -2*a = -0*a + t - 3140, -y*a - 5*t + 3148 = 0. Is a prime?
False
Suppose -167*w = -41*w - 26869878. Is w prime?
True
Is (13548/48*-268)/(-2 + 1) a composite number?
True
Suppose 195*a - 253135 = -j + 193*a, -j + 253136 = 3*a. Is j composite?
False
Is -13 + 7 + 262014/9*(-9)/(-6) a prime number?
False
Suppose -17*l + 18*l - 12521282 = -33*l. Is l a prime number?
True
Let u(x) = x**2 + 13*x + 1. Let t be u(-13). Suppose -4*m = -5*h - 35, 3*m - 2*h - 20 = t. Suppose 800 = -m*n + 3705. Is n a prime number?
False
Let t(y) = 48*y**2 + 16*y - 3. Suppose 0*l + 2*k = 3*l - 43, 3*l - 48 = 3*k. Is t(l) composite?
False
Let c be 1041396/(-44) - (-1)/11. Let a = -3935 - c. Is a prime?
False
Let p be (-3)/(-4) - 5/(80/124). Let m be p/(-2) - (-12)/(-8). Suppose m*v = -2, 3*x + 2*x + 2*v = 1973. Is x composite?
True
Let k(q) = -1 - q**2 - 4 + 4 - 12*q - 5. Let a be k(-11). Suppose -1100 = -2*w + a*p, 2*p = w - 4*w + 1631.